{"id":2,"date":"2017-01-10T09:50:20","date_gmt":"2017-01-10T09:50:20","guid":{"rendered":"http:\/\/www.unifutbol.com\/blog\/?page_id=2"},"modified":"2017-02-01T17:35:39","modified_gmt":"2017-02-01T16:35:39","slug":"juega-en-unifutbol","status":"publish","type":"page","link":"https:\/\/www.unifutbol.com\/blog\/juega-en-unifutbol\/","title":{"rendered":"Equipo Unifutbol CF para el canal de YouTube"},"content":{"rendered":"<h1 style=\"text-align: center;\">*** COMPLETO ***<\/h1>\n<h3 style=\"text-align: center;\">CERRADA INSCRIPCI\u00d3N<\/h3>\n<p style=\"text-align: left;\">En nuestro <a href=\"https:\/\/www.youtube.com\/channel\/UCMMlwcxA4hvO0tcBYRcVMvg\">canal oficial de YouTube<\/a>, anunci\u00e9 hace unos d\u00edas que crear\u00edamos un equipo en la base de datos de UNIFUTBOL con todos vosotros, con los que segu\u00eds los v\u00eddeos.<\/p>\n<p style=\"text-align: center;\"><iframe loading=\"lazy\" src=\"https:\/\/www.youtube.com\/embed\/7xjtBI7b1p4#t=9m10s\" width=\"560\" height=\"315\" frameborder=\"0\" allowfullscreen=\"allowfullscreen\"><\/iframe><\/p>\n<p style=\"text-align: left;\">Hemos creado un equipo en la Segunda Divisi\u00f3n B de la Liga espa\u00f1ola y nuestro objetivo es intentar llegar lo mas lejos posible. Para ello se mantendr\u00e1 todo el bloque creado en Segunda B Creando jugadores prometedores pero a su vez acorde con la divisi\u00f3n a jugar. El tema de la edad, os ruego, que pong\u00e1is la real, estad tranquilos no se crear\u00e1n jugadores mayores de 26 \u00f3 27 a\u00f1os, as\u00ed que ser\u00e1s bastante mas joven.<\/p>\n<p style=\"text-align: left;\">La partida ser\u00e1 emitida en directo en YouTube donde, entre todos, intentaremos llegar lo mas alto posible en nuestra andadura.<\/p>\n<p style=\"text-align: left;\">Cuando est\u00e9 completa la base de datos con la informaci\u00f3n, ser\u00e1 compartida entre los participantes.<\/p>\n<h3 style=\"text-align: center;\"><strong>\u00bfC\u00d3MO COPIAR LA PARTIDA EN MI EQUIPO?<\/strong><\/h3>\n<ol>\n<li style=\"text-align: left;\"><strong><a href=\"https:\/\/www.unifutbol.com\/blog\/wp-content\/uploads\/2017\/01\/datos-1.rar\">Descarga aqu\u00ed<\/a> el archivo y mira el v\u00eddeo para saber como copiar.<\/strong><\/li>\n<li style=\"text-align: left;\"><strong>RECUERDA DE HACER COPIA DE LA CARPETA \u00abDATOS\u00bb PARA DESPU\u00c9S\u00a0PODER CON LA VERSI\u00d3N DEL JUEGO ORIGINAL.<\/strong><\/li>\n<\/ol>\n<p style=\"text-align: center;\"><iframe loading=\"lazy\" src=\"https:\/\/www.youtube.com\/embed\/r9N0FoJXRUo\" width=\"560\" height=\"315\" frameborder=\"0\" allowfullscreen=\"allowfullscreen\"><\/iframe><\/p>\n<h3 style=\"text-align: center;\"><strong>PANTALLAS DE NUESTRO EQUIPO<\/strong><\/h3>\n<div id='gallery-1' class='gallery galleryid-2 gallery-columns-6 gallery-size-thumbnail'><dl class='gallery-item'>\n\t\t\t<dt class='gallery-icon landscape'>\n\t\t\t\t<a href='https:\/\/www.unifutbol.com\/blog\/juega-en-unifutbol\/attachment\/000\/'><img loading=\"lazy\" decoding=\"async\" width=\"150\" height=\"150\" src=\"https:\/\/www.unifutbol.com\/blog\/wp-content\/uploads\/2017\/01\/000-150x150.jpg\" class=\"attachment-thumbnail size-thumbnail\" alt=\"\" \/><\/a>\n\t\t\t<\/dt><\/dl><dl class='gallery-item'>\n\t\t\t<dt class='gallery-icon landscape'>\n\t\t\t\t<a href='https:\/\/www.unifutbol.com\/blog\/juega-en-unifutbol\/attachment\/00\/'><img loading=\"lazy\" decoding=\"async\" width=\"150\" height=\"137\" src=\"https:\/\/www.unifutbol.com\/blog\/wp-content\/uploads\/2017\/01\/00-150x137.jpg\" class=\"attachment-thumbnail size-thumbnail\" alt=\"\" \/><\/a>\n\t\t\t<\/dt><\/dl><dl class='gallery-item'>\n\t\t\t<dt class='gallery-icon landscape'>\n\t\t\t\t<a href='https:\/\/www.unifutbol.com\/blog\/juega-en-unifutbol\/attachment\/01\/'><img loading=\"lazy\" decoding=\"async\" width=\"150\" height=\"150\" src=\"https:\/\/www.unifutbol.com\/blog\/wp-content\/uploads\/2017\/01\/01-150x150.jpg\" class=\"attachment-thumbnail size-thumbnail\" alt=\"\" \/><\/a>\n\t\t\t<\/dt><\/dl><dl class='gallery-item'>\n\t\t\t<dt class='gallery-icon landscape'>\n\t\t\t\t<a href='https:\/\/www.unifutbol.com\/blog\/juega-en-unifutbol\/02-2\/'><img loading=\"lazy\" decoding=\"async\" width=\"150\" height=\"150\" src=\"https:\/\/www.unifutbol.com\/blog\/wp-content\/uploads\/2017\/01\/02-150x150.jpg\" class=\"attachment-thumbnail size-thumbnail\" alt=\"\" \/><\/a>\n\t\t\t<\/dt><\/dl><dl class='gallery-item'>\n\t\t\t<dt class='gallery-icon landscape'>\n\t\t\t\t<a href='https:\/\/www.unifutbol.com\/blog\/juega-en-unifutbol\/attachment\/03\/'><img loading=\"lazy\" decoding=\"async\" width=\"150\" height=\"150\" src=\"https:\/\/www.unifutbol.com\/blog\/wp-content\/uploads\/2017\/01\/03-150x150.jpg\" class=\"attachment-thumbnail size-thumbnail\" alt=\"\" \/><\/a>\n\t\t\t<\/dt><\/dl><dl class='gallery-item'>\n\t\t\t<dt class='gallery-icon landscape'>\n\t\t\t\t<a href='https:\/\/www.unifutbol.com\/blog\/juega-en-unifutbol\/attachment\/04\/'><img loading=\"lazy\" decoding=\"async\" width=\"150\" height=\"150\" src=\"https:\/\/www.unifutbol.com\/blog\/wp-content\/uploads\/2017\/01\/04-150x150.jpg\" class=\"attachment-thumbnail size-thumbnail\" alt=\"\" \/><\/a>\n\t\t\t<\/dt><\/dl><br style=\"clear: both\" \/><dl class='gallery-item'>\n\t\t\t<dt class='gallery-icon landscape'>\n\t\t\t\t<a href='https:\/\/www.unifutbol.com\/blog\/juega-en-unifutbol\/attachment\/05\/'><img loading=\"lazy\" decoding=\"async\" width=\"150\" height=\"150\" src=\"https:\/\/www.unifutbol.com\/blog\/wp-content\/uploads\/2017\/01\/05-150x150.jpg\" class=\"attachment-thumbnail size-thumbnail\" alt=\"\" \/><\/a>\n\t\t\t<\/dt><\/dl><dl class='gallery-item'>\n\t\t\t<dt class='gallery-icon landscape'>\n\t\t\t\t<a href='https:\/\/www.unifutbol.com\/blog\/juega-en-unifutbol\/attachment\/06\/'><img loading=\"lazy\" decoding=\"async\" width=\"150\" height=\"150\" src=\"https:\/\/www.unifutbol.com\/blog\/wp-content\/uploads\/2017\/01\/06-150x150.jpg\" class=\"attachment-thumbnail size-thumbnail\" alt=\"\" \/><\/a>\n\t\t\t<\/dt><\/dl><dl class='gallery-item'>\n\t\t\t<dt class='gallery-icon landscape'>\n\t\t\t\t<a href='https:\/\/www.unifutbol.com\/blog\/juega-en-unifutbol\/attachment\/07\/'><img loading=\"lazy\" decoding=\"async\" width=\"150\" height=\"150\" src=\"https:\/\/www.unifutbol.com\/blog\/wp-content\/uploads\/2017\/01\/07-150x150.jpg\" class=\"attachment-thumbnail size-thumbnail\" alt=\"\" \/><\/a>\n\t\t\t<\/dt><\/dl><dl class='gallery-item'>\n\t\t\t<dt class='gallery-icon landscape'>\n\t\t\t\t<a href='https:\/\/www.unifutbol.com\/blog\/juega-en-unifutbol\/attachment\/08\/'><img loading=\"lazy\" decoding=\"async\" width=\"150\" height=\"150\" src=\"https:\/\/www.unifutbol.com\/blog\/wp-content\/uploads\/2017\/01\/08-150x150.jpg\" class=\"attachment-thumbnail size-thumbnail\" alt=\"\" \/><\/a>\n\t\t\t<\/dt><\/dl><dl class='gallery-item'>\n\t\t\t<dt class='gallery-icon landscape'>\n\t\t\t\t<a href='https:\/\/www.unifutbol.com\/blog\/juega-en-unifutbol\/attachment\/09\/'><img loading=\"lazy\" decoding=\"async\" width=\"150\" height=\"150\" src=\"https:\/\/www.unifutbol.com\/blog\/wp-content\/uploads\/2017\/01\/09-150x150.jpg\" class=\"attachment-thumbnail size-thumbnail\" alt=\"\" \/><\/a>\n\t\t\t<\/dt><\/dl><dl class='gallery-item'>\n\t\t\t<dt class='gallery-icon landscape'>\n\t\t\t\t<a href='https:\/\/www.unifutbol.com\/blog\/juega-en-unifutbol\/attachment\/10\/'><img loading=\"lazy\" decoding=\"async\" width=\"150\" height=\"150\" src=\"https:\/\/www.unifutbol.com\/blog\/wp-content\/uploads\/2017\/01\/10-150x150.jpg\" class=\"attachment-thumbnail size-thumbnail\" alt=\"\" \/><\/a>\n\t\t\t<\/dt><\/dl><br style=\"clear: both\" \/><dl class='gallery-item'>\n\t\t\t<dt class='gallery-icon landscape'>\n\t\t\t\t<a href='https:\/\/www.unifutbol.com\/blog\/juega-en-unifutbol\/attachment\/11\/'><img loading=\"lazy\" decoding=\"async\" width=\"150\" height=\"150\" src=\"https:\/\/www.unifutbol.com\/blog\/wp-content\/uploads\/2017\/01\/11-150x150.jpg\" class=\"attachment-thumbnail size-thumbnail\" alt=\"\" \/><\/a>\n\t\t\t<\/dt><\/dl><dl class='gallery-item'>\n\t\t\t<dt class='gallery-icon landscape'>\n\t\t\t\t<a href='https:\/\/www.unifutbol.com\/blog\/juega-en-unifutbol\/attachment\/12\/'><img loading=\"lazy\" decoding=\"async\" width=\"150\" height=\"150\" src=\"https:\/\/www.unifutbol.com\/blog\/wp-content\/uploads\/2017\/01\/12-150x150.jpg\" class=\"attachment-thumbnail size-thumbnail\" alt=\"\" \/><\/a>\n\t\t\t<\/dt><\/dl><dl class='gallery-item'>\n\t\t\t<dt class='gallery-icon landscape'>\n\t\t\t\t<a href='https:\/\/www.unifutbol.com\/blog\/juega-en-unifutbol\/attachment\/13\/'><img loading=\"lazy\" decoding=\"async\" width=\"150\" height=\"150\" src=\"https:\/\/www.unifutbol.com\/blog\/wp-content\/uploads\/2017\/01\/13-150x150.jpg\" class=\"attachment-thumbnail size-thumbnail\" alt=\"\" \/><\/a>\n\t\t\t<\/dt><\/dl><dl class='gallery-item'>\n\t\t\t<dt class='gallery-icon landscape'>\n\t\t\t\t<a href='https:\/\/www.unifutbol.com\/blog\/juega-en-unifutbol\/attachment\/14\/'><img loading=\"lazy\" decoding=\"async\" width=\"150\" height=\"150\" src=\"https:\/\/www.unifutbol.com\/blog\/wp-content\/uploads\/2017\/01\/14-150x150.jpg\" class=\"attachment-thumbnail size-thumbnail\" alt=\"\" \/><\/a>\n\t\t\t<\/dt><\/dl><dl class='gallery-item'>\n\t\t\t<dt class='gallery-icon landscape'>\n\t\t\t\t<a href='https:\/\/www.unifutbol.com\/blog\/juega-en-unifutbol\/attachment\/15\/'><img loading=\"lazy\" decoding=\"async\" width=\"150\" height=\"150\" src=\"https:\/\/www.unifutbol.com\/blog\/wp-content\/uploads\/2017\/01\/15-150x150.jpg\" class=\"attachment-thumbnail size-thumbnail\" alt=\"\" \/><\/a>\n\t\t\t<\/dt><\/dl><dl class='gallery-item'>\n\t\t\t<dt class='gallery-icon landscape'>\n\t\t\t\t<a href='https:\/\/www.unifutbol.com\/blog\/juega-en-unifutbol\/attachment\/16\/'><img loading=\"lazy\" decoding=\"async\" width=\"150\" height=\"150\" src=\"https:\/\/www.unifutbol.com\/blog\/wp-content\/uploads\/2017\/01\/16-150x150.jpg\" class=\"attachment-thumbnail size-thumbnail\" alt=\"\" \/><\/a>\n\t\t\t<\/dt><\/dl><br style=\"clear: both\" \/><dl class='gallery-item'>\n\t\t\t<dt class='gallery-icon landscape'>\n\t\t\t\t<a href='https:\/\/www.unifutbol.com\/blog\/juega-en-unifutbol\/attachment\/17\/'><img loading=\"lazy\" decoding=\"async\" width=\"150\" height=\"150\" src=\"https:\/\/www.unifutbol.com\/blog\/wp-content\/uploads\/2017\/01\/17-150x150.jpg\" class=\"attachment-thumbnail size-thumbnail\" alt=\"\" \/><\/a>\n\t\t\t<\/dt><\/dl><dl class='gallery-item'>\n\t\t\t<dt class='gallery-icon landscape'>\n\t\t\t\t<a href='https:\/\/www.unifutbol.com\/blog\/juega-en-unifutbol\/attachment\/18\/'><img loading=\"lazy\" decoding=\"async\" width=\"150\" height=\"150\" src=\"https:\/\/www.unifutbol.com\/blog\/wp-content\/uploads\/2017\/01\/18-150x150.jpg\" class=\"attachment-thumbnail size-thumbnail\" alt=\"\" \/><\/a>\n\t\t\t<\/dt><\/dl><dl class='gallery-item'>\n\t\t\t<dt class='gallery-icon landscape'>\n\t\t\t\t<a href='https:\/\/www.unifutbol.com\/blog\/juega-en-unifutbol\/attachment\/19\/'><img loading=\"lazy\" decoding=\"async\" width=\"150\" height=\"150\" src=\"https:\/\/www.unifutbol.com\/blog\/wp-content\/uploads\/2017\/01\/19-150x150.jpg\" class=\"attachment-thumbnail size-thumbnail\" alt=\"\" \/><\/a>\n\t\t\t<\/dt><\/dl><dl class='gallery-item'>\n\t\t\t<dt class='gallery-icon landscape'>\n\t\t\t\t<a href='https:\/\/www.unifutbol.com\/blog\/juega-en-unifutbol\/attachment\/20\/'><img loading=\"lazy\" decoding=\"async\" width=\"150\" height=\"150\" src=\"https:\/\/www.unifutbol.com\/blog\/wp-content\/uploads\/2017\/01\/20-150x150.jpg\" class=\"attachment-thumbnail size-thumbnail\" alt=\"\" \/><\/a>\n\t\t\t<\/dt><\/dl><dl class='gallery-item'>\n\t\t\t<dt class='gallery-icon landscape'>\n\t\t\t\t<a href='https:\/\/www.unifutbol.com\/blog\/juega-en-unifutbol\/attachment\/21\/'><img loading=\"lazy\" decoding=\"async\" width=\"150\" height=\"150\" src=\"https:\/\/www.unifutbol.com\/blog\/wp-content\/uploads\/2017\/01\/21-150x150.jpg\" class=\"attachment-thumbnail size-thumbnail\" alt=\"\" \/><\/a>\n\t\t\t<\/dt><\/dl><dl class='gallery-item'>\n\t\t\t<dt class='gallery-icon landscape'>\n\t\t\t\t<a href='https:\/\/www.unifutbol.com\/blog\/juega-en-unifutbol\/attachment\/22\/'><img loading=\"lazy\" decoding=\"async\" width=\"150\" height=\"150\" src=\"https:\/\/www.unifutbol.com\/blog\/wp-content\/uploads\/2017\/01\/22-150x150.jpg\" class=\"attachment-thumbnail size-thumbnail\" alt=\"\" \/><\/a>\n\t\t\t<\/dt><\/dl><br style=\"clear: both\" \/><dl class='gallery-item'>\n\t\t\t<dt class='gallery-icon landscape'>\n\t\t\t\t<a href='https:\/\/www.unifutbol.com\/blog\/juega-en-unifutbol\/attachment\/23\/'><img loading=\"lazy\" decoding=\"async\" width=\"150\" height=\"150\" src=\"https:\/\/www.unifutbol.com\/blog\/wp-content\/uploads\/2017\/01\/23-150x150.jpg\" class=\"attachment-thumbnail size-thumbnail\" alt=\"\" \/><\/a>\n\t\t\t<\/dt><\/dl><dl class='gallery-item'>\n\t\t\t<dt class='gallery-icon landscape'>\n\t\t\t\t<a href='https:\/\/www.unifutbol.com\/blog\/juega-en-unifutbol\/attachment\/24\/'><img loading=\"lazy\" decoding=\"async\" width=\"150\" height=\"150\" src=\"https:\/\/www.unifutbol.com\/blog\/wp-content\/uploads\/2017\/01\/24-150x150.jpg\" class=\"attachment-thumbnail size-thumbnail\" alt=\"\" \/><\/a>\n\t\t\t<\/dt><\/dl><dl class='gallery-item'>\n\t\t\t<dt class='gallery-icon landscape'>\n\t\t\t\t<a href='https:\/\/www.unifutbol.com\/blog\/juega-en-unifutbol\/attachment\/0333\/'><img loading=\"lazy\" decoding=\"async\" width=\"150\" height=\"150\" src=\"https:\/\/www.unifutbol.com\/blog\/wp-content\/uploads\/2017\/01\/0333-150x150.jpg\" class=\"attachment-thumbnail size-thumbnail\" alt=\"\" \/><\/a>\n\t\t\t<\/dt><\/dl><dl class='gallery-item'>\n\t\t\t<dt class='gallery-icon landscape'>\n\t\t\t\t<a href='https:\/\/www.unifutbol.com\/blog\/juega-en-unifutbol\/attachment\/03333\/'><img loading=\"lazy\" decoding=\"async\" width=\"150\" height=\"150\" src=\"https:\/\/www.unifutbol.com\/blog\/wp-content\/uploads\/2017\/01\/03333-150x150.jpg\" class=\"attachment-thumbnail size-thumbnail\" alt=\"\" \/><\/a>\n\t\t\t<\/dt><\/dl><dl class='gallery-item'>\n\t\t\t<dt class='gallery-icon landscape'>\n\t\t\t\t<a href='https:\/\/www.unifutbol.com\/blog\/juega-en-unifutbol\/captura\/'><img loading=\"lazy\" decoding=\"async\" width=\"150\" height=\"150\" src=\"https:\/\/www.unifutbol.com\/blog\/wp-content\/uploads\/2017\/01\/Captura-150x150.jpg\" class=\"attachment-thumbnail size-thumbnail\" alt=\"\" \/><\/a>\n\t\t\t<\/dt><\/dl>\n\t\t\t<br style='clear: both' \/>\n\t\t<\/div>\n\n<p>&nbsp;<\/p>\n","protected":false},"excerpt":{"rendered":"<p>*** COMPLETO *** CERRADA INSCRIPCI\u00d3N En nuestro canal oficial de YouTube, anunci\u00e9 hace unos d\u00edas que crear\u00edamos un equipo en la base de datos de UNIFUTBOL con todos vosotros, con los que segu\u00eds los v\u00eddeos. Hemos creado un equipo en la Segunda Divisi\u00f3n B de la Liga espa\u00f1ola y nuestro objetivo es intentar llegar lo&hellip; <\/p>\n<p class=\"more-link-p\"><a class=\"more-link\" href=\"https:\/\/www.unifutbol.com\/blog\/juega-en-unifutbol\/\">Continue reading <span class=\"meta-nav\">&rarr;<\/span><\/a><\/p>\n","protected":false},"author":1,"featured_media":0,"parent":0,"menu_order":0,"comment_status":"closed","ping_status":"open","template":"","meta":{"footnotes":""},"class_list":["post-2","page","type-page","status-publish","hentry","xfolkentry","clearfix"],"_links":{"self":[{"href":"https:\/\/www.unifutbol.com\/blog\/wp-json\/wp\/v2\/pages\/2","targetHints":{"allow":["GET"]}}],"collection":[{"href":"https:\/\/www.unifutbol.com\/blog\/wp-json\/wp\/v2\/pages"}],"about":[{"href":"https:\/\/www.unifutbol.com\/blog\/wp-json\/wp\/v2\/types\/page"}],"author":[{"embeddable":true,"href":"https:\/\/www.unifutbol.com\/blog\/wp-json\/wp\/v2\/users\/1"}],"replies":[{"embeddable":true,"href":"https:\/\/www.unifutbol.com\/blog\/wp-json\/wp\/v2\/comments?post=2"}],"version-history":[{"count":25,"href":"https:\/\/www.unifutbol.com\/blog\/wp-json\/wp\/v2\/pages\/2\/revisions"}],"predecessor-version":[{"id":339,"href":"https:\/\/www.unifutbol.com\/blog\/wp-json\/wp\/v2\/pages\/2\/revisions\/339"}],"wp:attachment":[{"href":"https:\/\/www.unifutbol.com\/blog\/wp-json\/wp\/v2\/media?parent=2"}],"curies":[{"name":"wp","href":"https:\/\/api.w.org\/{rel}","templated":true}]}}